89 a multiple of 51?
True
Is 20046 a multiple of 13?
True
Does 998 divide 10892172?
True
Is 439910 a multiple of 410?
False
Is 4626994 a multiple of 38?
True
Is 312 a factor of 1185912?
True
Is 7488168 a multiple of 10?
False
Does 54 divide 322218?
True
Is 1160944 a multiple of 8?
True
Does 142 divide 933412?
False
Is 7 a factor of 586964?
True
Does 306 divide 1791018?
True
Is 104 a factor of 308073?
False
Is 333607 a multiple of 238?
False
Is 21 a factor of 88956?
True
Is 1271351 a multiple of 55?
False
Is 418456 a multiple of 10?
False
Does 135 divide 265295?
False
Is 102 a factor of 74562?
True
Is 11304 a multiple of 72?
True
Is 3648384 a multiple of 96?
True
Does 79 divide 16607538?
True
Does 152 divide 1599337?
False
Is 904185 a multiple of 5?
True
Is 8490049 a multiple of 58?
False
Is 13 a factor of 4719?
True
Is 193170 a multiple of 235?
True
Does 29 divide 3565057?
True
Does 4 divide 297780?
True
Is 79 a factor of 14461740?
True
Is 22 a factor of 1855128?
True
Does 11 divide 199617?
True
Does 41 divide 9122459?
True
Does 66 divide 60984?
True
Does 177 divide 1942002?
False
Is 12539475 a multiple of 325?
True
Is 420515 a multiple of 5?
True
Is 26 a factor of 186602?
True
Does 132 divide 422340?
False
Is 57 a factor of 9434355?
True
Does 301 divide 2513703?
False
Does 200 divide 2850107?
False
Does 8 divide 376437?
False
Is 4 a factor of 227510?
False
Is 122529 a multiple of 8?
False
Is 106 a factor of 98686?
True
Is 156 a factor of 18111958?
False
Is 140 a factor of 3942820?
True
Is 493229 a multiple of 38?
False
Is 70432 a multiple of 163?
False
Is 59 a factor of 96111?
True
Does 59 divide 1021681?
False
Is 60 a factor of 4679700?
True
Does 8 divide 191353?
False
Is 201920 a multiple of 32?
True
Is 126 a factor of 7357266?
True
Does 3 divide 347136?
True
Does 4 divide 1041220?
True
Is 256932 a multiple of 117?
True
Is 45 a factor of 747352?
False
Does 5 divide 33735?
True
Is 148 a factor of 499439?
False
Does 59 divide 324663?
False
Does 470 divide 736960?
True
Is 65 a factor of 197651?
False
Is 15317 a multiple of 44?
False
Is 21174178 a multiple of 653?
True
Does 153 divide 1444320?
True
Is 18 a factor of 43183?
False
Does 841 divide 19249649?
True
Is 93 a factor of 424638?
True
Does 88 divide 431904?
True
Is 216215 a multiple of 6?
False
Is 18 a factor of 659491?
False
Is 28 a factor of 384969?
False
Is 12149235 a multiple of 6?
False
Is 11836832 a multiple of 32?
True
Is 10 a factor of 222734?
False
Is 13 a factor of 1570600?
False
Does 33 divide 846780?
True
Is 788435 a multiple of 47?
False
Is 104314 a multiple of 283?
False
Is 16 a factor of 239072?
True
Is 1545613 a multiple of 239?
True
Does 112 divide 68134?
False
Does 58 divide 5800?
True
Is 24508 a multiple of 44?
True
Does 243 divide 358086?
False
Is 103 a factor of 10487807?
False
Is 493 a factor of 2929406?
True
Does 13 divide 350878?
False
Does 7 divide 356873?
False
Does 4 divide 2106228?
True
Does 10 divide 115889?
False
Is 3526912 a multiple of 23?
True
Is 32 a factor of 22550350?
False
Is 8 a factor of 1965500?
False
Is 2904126 a multiple of 100?
False
Does 53 divide 121264?
True
Does 290 divide 1729850?
True
Does 300 divide 22800?
True
Is 24 a factor of 245961?
False
Is 550787 even?
False
Does 20 divide 473497?
False
Does 15 divide 52800?
True
Does 8 divide 1601419?
False
Does 211 divide 237164?
True
Is 228 a factor of 927504?
True
Is 230450 even?
True
Does 13 divide 333762?
True
Is 1368672 a multiple of 10?
False
Is 19 a factor of 888820?
True
Is 25 a factor of 30250?
True
Is 37 a factor of 74659?
False
Is 38 a factor of 5092?
True
Is 5 a factor of 9978?
False
Is 345 a factor of 29155950?
True
Is 7 a factor of 1577788?
False
Is 73280 a multiple of 18?
False
Is 2 a factor of 827843?
False
Is 986 a factor of 7618825?
False
Is 36 a factor of 57276?
True
Is 162 a factor of 307476?
True
Does 888 divide 21545544?
True
Is 16 a factor of 81392?
True
Is 6115640 a multiple of 111?
False
Is 30178740 a multiple of 255?
True
Is 2234803 a multiple of 17?
True
Does 6 divide 187032?
True
Is 1047118 a multiple of 62?
True
Does 493 divide 320260?
False
Is 57375 a multiple of 17?
True
Is 3117842 a multiple of 962?
True
Does 13 divide 435532?
False
Is 367 a factor of 26424?
True
Is 14880775 a multiple of 13?
True
Is 260 a factor of 380078?
False
Does 327 divide 19852333?
False
Does 3 divide 55825?
False
Does 157 divide 1235023?
False
Is 178 a factor of 14884894?
True
Is 11 a factor of 272745?
True
Is 237958 a multiple of 46?
True
Is 2532973 a multiple of 46?
False
Is 100782 a multiple of 66?
True
Is 1956032 a multiple of 23?
False
Is 71 a factor of 96702?
True
Is 791883 a multiple of 417?
True
Is 455 a factor of 76895?
True
Does 7 divide 5659472?
True
Is 10 a factor of 2801410?
True
Does 89 divide 23407?
True
Does 53 divide 94588?
False
Is 6067412 a multiple of 36?
False
Is 248139 a multiple of 78?
False
Is 47 a factor of 551592?
True
Is 98 a factor of 695310?
True
Does 154 divide 223146?
True
Is 20009 a multiple of 465?
False
Does 63 divide 889938?
True
Is 811711 a multiple of 289?
False
Is 6 a factor of 57104?
False
Does 303 divide 1165655?
False
Does 14 divide 1388455?
False
Is 2571825 a multiple of 265?
True
Is 381 a factor of 158923?
False
Does 12 divide 15743028?
True
Is 3250 a multiple of 13?
True
Does 1080 divide 836074?
False
Does 168 divide 549235?
False
Is 5 a factor of 551321?
False
Is 749 a factor of 5962352?
False
Is 49397 a multiple of 47?
True
Is 230545 a multiple of 4?
False
Is 2849 a multiple of 37?
True
Is 272565 a multiple of 135?
True
Is 94515 a multiple of 66?
False
Does 386 divide 1493888?
False
Is 28096660 a multiple of 182?
False
Is 72550 a multiple of 97?
False
Is 376512 a multiple of 636?
True
Does 374 divide 2062598?
False
Is 2666 a multiple of 24?
False
Does 16 divide 406964?
False
Is 2041213 a multiple of 336?
False
Is 72 a factor of 915408?
True
Is 2148119 a multiple of 192?
False
Is 255 a factor of 4442803?
False
Is 54 a factor of 12852?
True
Is 5 a factor of 35075?
True
Is 984 a factor of 2401944?
True
Does 130 divide 140530?
True
Is 198 a factor of 305910?
True
Is 5753717 a multiple of 6?
False
Is 9 a factor of 68588?
False
Is 295 a factor of 7827530?
True
Is 176 a factor of 160782?
False
Is 5 a factor of 191465?
True
Is 773 a factor of 7009222?
False
Is 107 a factor of 117914?
True
Does 71 divide 367496?
True
Does 551 divide 113681?
False
Does 39 divide 2009692?
False
Does 396 divide 189141?
False
Does 12 divide 6114060?
True
Is 21018 a multiple of 19?
False
Is 2227162 a multiple of 14?
True
Does 16 divide 27804?
False
Is 31 a factor of 81127?
True
Does 1577 divide 6979535?
False
Does 6 divide 12731544?
True
Does 60 divide 245251?
False
Is 7723260 a multiple of 20?
True
Does 106 divide 14135948?
True
Is 435 a factor of 140505?
True
Does 3 divide 279599?
False
Is 703923 a multiple of 410?
False
Does 146 divide 850158?
True
Is 4076506 a multiple of 14?
True
Is 299166 a multiple of 2?
True
Is 834375 a multiple of 445?
True
Is 49436 a multiple of 18?
False
Is 277 a factor of 261746?
False
Does 409 divide 153849?
False
Is 908822 a multiple of 443?
False
Is 207165 a multiple of 35?
True
Is 3 a factor of 280161?
True
Is 11 a factor of 3493171?
True
Is 23 a factor of 178283?
False
Is 549998 a multiple of 59?
True
Is 63 a factor of 3208282?
False
Is 1906062 a multiple of 12?
False
Is 358932 a multiple of 28?
True
Does 518 divide 15247330?
True
Does 752 divide 1488960?
True
Does 235 divide 230657?
False
Is 282 a factor of 130848?
True
Does 2 divide 295115?
False
Is 92 a factor of 137264?
True
Does 190 divide 354350?
True
Does 57 divide 511837?
False
Is 19 a factor of 93708?
True
Does 15 divide 204720?
True
Is 1765804 a multiple of 168?
False
Is 50 a factor of 994834?
False
Is 14925780 a multiple of 15?
True
Is 2046829 a multiple of 552?
False
Is 5667676 a multiple of 14?
True
Is 154 a factor of 256564?
True
Does 118 divide 249688?
True
Is 343706 a multiple of 10?
False
Does 323 divide 66215?
True
Does 52 divide 2420340?
True
Does 14 divide 1154482?
True
Is 1426725 a multiple of 1119?
True
Is 4022796 a multiple of 3?
True
Does 301 divide 2579445?
False
Is 49 a factor of 201978?
True
Is 118 a factor of 192209?
False
Does 645 divide 88232?
False
Is 370736 a